t is the tens digit of 924594?
9
What is the hundreds digit of 17510001?
0
What is the hundreds digit of 1678570?
5
What is the ten thousands digit of 1195334?
9
What is the units digit of 866452?
2
What is the hundred thousands digit of 860078?
8
What is the units digit of 994077?
7
What is the thousands digit of 8278728?
8
What is the millions digit of 4735125?
4
What is the hundred thousands digit of 4665792?
6
What is the ten millions digit of 18752030?
1
What is the hundreds digit of 288719?
7
What is the hundreds digit of 2289097?
0
What is the hundreds digit of 21697287?
2
What is the ten millions digit of 17152757?
1
What is the units digit of 88181?
1
What is the thousands digit of 501101?
1
What is the millions digit of 5211741?
5
What is the ten thousands digit of 20099588?
9
What is the tens digit of 3511155?
5
What is the ten thousands digit of 68094?
6
What is the hundreds digit of 20063?
0
What is the hundreds digit of 4081408?
4
What is the tens digit of 41386?
8
What is the ten thousands digit of 296072?
9
What is the ten thousands digit of 940843?
4
What is the units digit of 2178971?
1
What is the ten millions digit of 10784060?
1
What is the units digit of 1706036?
6
What is the millions digit of 28195695?
8
What is the hundreds digit of 316268?
2
What is the tens digit of 30769242?
4
What is the millions digit of 1075952?
1
What is the units digit of 9679623?
3
What is the hundred thousands digit of 2279868?
2
What is the ten thousands digit of 371772?
7
What is the hundreds digit of 2052250?
2
What is the thousands digit of 33453664?
3
What is the hundreds digit of 237110?
1
What is the ten thousands digit of 3758435?
5
What is the millions digit of 31744512?
1
What is the tens digit of 56479?
7
What is the hundreds digit of 305293?
2
What is the units digit of 932713?
3
What is the ten thousands digit of 694759?
9
What is the tens digit of 3447952?
5
What is the millions digit of 3727830?
3
What is the hundreds digit of 109546?
5
What is the thousands digit of 863821?
3
What is the tens digit of 130850?
5
What is the units digit of 1808909?
9
What is the hundreds digit of 596262?
2
What is the millions digit of 3656591?
3
What is the units digit of 138482?
2
What is the hundreds digit of 755474?
4
What is the hundreds digit of 32751184?
1
What is the units digit of 7966899?
9
What is the hundreds digit of 502606?
6
What is the tens digit of 8328097?
9
What is the hundreds digit of 228525?
5
What is the thousands digit of 13858?
3
What is the thousands digit of 146820?
6
What is the hundreds digit of 3928985?
9
What is the millions digit of 14447383?
4
What is the units digit of 134478?
8
What is the hundreds digit of 1250342?
3
What is the ten thousands digit of 82064?
8
What is the tens digit of 11952156?
5
What is the ten thousands digit of 39009?
3
What is the tens digit of 940219?
1
What is the hundreds digit of 306995?
9
What is the ten thousands digit of 6837868?
3
What is the thousands digit of 1316236?
6
What is the thousands digit of 1456866?
6
What is the units digit of 333962?
2
What is the millions digit of 1028666?
1
What is the thousands digit of 32312?
2
What is the hundreds digit of 6318990?
9
What is the hundred thousands digit of 351417?
3
What is the units digit of 175412?
2
What is the hundred thousands digit of 4929132?
9
What is the ten thousands digit of 3164373?
6
What is the units digit of 12807054?
4
What is the tens digit of 1086549?
4
What is the hundreds digit of 145474?
4
What is the hundreds digit of 2482318?
3
What is the thousands digit of 147820?
7
What is the tens digit of 4772667?
6
What is the hundreds digit of 167579?
5
What is the hundreds digit of 849343?
3
What is the ten thousands digit of 9851214?
5
What is the hundreds digit of 1384349?
3
What is the thousands digit of 340932?
0
What is the tens digit of 1291584?
8
What is the ten thousands digit of 60160?
6
What is the units digit of 876756?
6
What is the thousands digit of 420010?
0
What is the tens digit of 470342?
4
What is the hundred thousands digit of 298650?
2
What is the units digit of 986143?
3
What is the millions digit of 2331125?
2
What is the thousands digit of 266358?
6
What is the hundred thousands digit of 297775?
2
What is the tens digit of 892042?
4
What is the units digit of 2734703?
3
What is the tens digit of 548952?
5
What is the hundreds digit of 126985?
9
What is the tens digit of 3827051?
5
What is the hundreds digit of 14200256?
2
What is the units digit of 287105?
5
What is the ten thousands digit of 12406?
1
What is the hundreds digit of 96977?
9
What is the thousands digit of 2892421?
2
What is the thousands digit of 5368890?
8
What is the hundreds digit of 24229692?
6
What is the hundred thousands digit of 7898669?
8
What is the hundreds digit of 7736787?
7
What is the hundred thousands digit of 223841?
2
What is the tens digit of 236127?
2
What is the ten thousands digit of 10527961?
2
What is the ten thousands digit of 3127426?
2
What is the ten thousands digit of 4600509?
0
What is the hundreds digit of 3327463?
4
What is the hundred thousands digit of 417653?
4
What is the hundred thousands digit of 915158?
9
What is the hundreds digit of 1862781?
7
What is the hundred thousands digit of 33156359?
1
What is the thousands digit of 2276111?
6
What is the units digit of 51393?
3
What is the ten thousands digit of 831963?
3
What is the thousands digit of 544454?
4
What is the ten thousands digit of 11588849?
8
What is the millions digit of 1660695?
1
What is the tens digit of 3657061?
6
What is the hundred thousands digit of 345356?
3
What is the hundreds digit of 4337926?
9
What is the thousands digit of 11473241?
3
What is the units digit of 356604?
4
What is the units digit of 2907280?
0
What is the ten thousands digit of 2629594?
2
What is the hundreds digit of 473196?
1
What is the units digit of 10718633?
3
What is the ten thousands digit of 2766695?
6
What is the tens digit of 720340?
4
What is the ten thousands digit of 1759395?
5
What is the hundreds digit of 177634?
6
What is the ten thousands digit of 3299665?
9
What is the ten thousands digit of 262816?
6
What is the hundreds digit of 39636759?
7
What is the ten thousands digit of 138168?
3
What is the thousands digit of 383229?
3
What is the ten thousands digit of 1200992?
0
What is the hundred thousands digit of 3209160?
2
What is the thousands digit of 673897?
3
What is the tens digit of 1689790?
9
What is the hundred thousands digit of 2568410?
5
What is the tens digit of 1265385?
8
What is the thousands digit of 727716?
7
What is the tens digit of 209128?
2
What is the millions digit of 19195820?
9
What is the units digit of 148496?
6
What is the hundreds digit of 2970214?
2
What is the millions digit of 3441141?
3
What is the thousands digit of 111609?
1
What is the hundred thousands digit of 3611950?
6
What is the thousands digit of 455733?
5
What is the units digit of 11809813?
3
What is the tens digit of 493260?
6
What is the millions digit of 2856646?
2
What is the thousands digit of 6383596?
3
What is the tens digit of 98743?
4
What is the hundred thousands digit of 7496685?
4
What is the hundreds digit of 1377911?
9
What is the tens digit of 58492?
9
What is the hundred thousands digit of 730848?
7
What is the units digit of 454503?
3
What is the ten thousands digit of 1203598?
0
What is the hundreds digit of 39236?
2
What is the millions digit of 3180266?
3
What is the tens digit of 4250038?
3
What is the units digit of 1907283?
3
What is the thousands digit of 785067?
5
What is the ten millions digit of 22302955?
2
What is the ten thousands digit of 1498636?
9
What is the ten thousands digit of 1074105?
7
What is the hundreds digit of 1111807?
8
What is the ten thousands digit of 145385?
4
What is the thousands digit of 973719?
3
What is the ten thousands digit of 1383638?
8
What is the hundred thousands digit of 369056?
3
What is the hundreds digit of 87418?
4
What is the tens digit of 304904?
0
What is the units digit of 876091?
1
What is the millions digit of 2825153?
2
What is the tens digit of 149283?
8
What is the tens digit of 1935771?
7
What is the thousands digit of 2434052?
4
What is the hundreds digit of 9